{"id":16,"date":"2016-05-04T08:53:09","date_gmt":"2016-05-04T08:53:09","guid":{"rendered":"http:\/\/design.acqua-mondo.de\/?page_id=16"},"modified":"2021-07-12T06:19:23","modified_gmt":"2021-07-12T06:19:23","slug":"impressum","status":"publish","type":"page","link":"https:\/\/incanto-artdesign.de\/?page_id=16","title":{"rendered":"Impressum"},"content":{"rendered":"<p>INCANTO ARTDESIGN<br \/>\nInhaber Antonio Carbonaro<br \/>\nTeckstr. 5<br \/>\n71679 Asperg<\/p>\n<p>Mobil: 015750487220<br \/>\nE-Mail: info@incanto-artdesign.de<\/p>\n<p>Steuer Nr. 71444\/08855<br \/>\nUmsatzsteueridentifikationsnummer: DE84326048<\/p>\n<p>Verantwortlich f\u00fcr den Inhalt: Antonio Carbonaro<\/p>\n<p>Haftungshinweis: Trotz sorgf\u00e4ltiger inhaltlicher Kontrolle \u00fcbernehmen wir keine Haftung f\u00fcr die Inhalte externer Links. F\u00fcr den Inhalt der verlinkten Seiten sind ausschlie\u00dflich deren Betreiber verantwortlich.<\/p>\n<p>&nbsp;<\/p>\n<p><a href=\"https:\/\/incanto-artdesign.de\/wp-content\/uploads\/2019\/03\/vob.pdf\">VOB Download<\/a><\/p>\n<p>&nbsp;<br \/>\n&nbsp;<\/p>\n<p><a title=\"Double-YouMedia.de W\u00fcrl\" href=\"http:\/\/double-youmedia.de\"><strong>Double-YouMedia.de<\/strong><br \/>\nWebdesign, Homepage Design, Suchmaschinenoptimierung (SEO), Suchmaschinenmarketing SEM (Google-Werbung), Mailings, Newsletter, Online-Werbung, Online-Marketing,  Individuelle Programmierung, Template Erstellung, Online-Agentur,  Werbeagentur, Bessere Google Platzierung, Besseres Suchmaschinen Ranking.<\/a><\/p>\n<p>&nbsp;<\/p>\n<p>Daten-Erhebung durch Nutzung von Google-Analytics<\/p>\n<p>Unsere Webseite benutzt Google-Analytics, einen Webanalysedienst, der Google inc. Google-Analytics verwendet sogenannte \u201eCookies\u201c. Dabei handelt es sich um Textdateien, die auf Ihrem Computer gespeichert werden und die eine Analyse ihrer Benutzung der Website erm\u00f6glicht. Erfasst werden beispielsweise Informationen zum Betriebssystem, zum Browser, Ihrer IP-Adresse, die von Ihnen zuvor aufgerufene Webseite (Referrer-URL) und Datum und Uhrzeit Ihres Besuchs auf unserer Webseite. Die durch diese Textdatei erzeugten Informationen \u00fcber die Benutzung unserer Webseite werden an einen Server von Google in den USA \u00fcbertragen und dort gespeichert. Google wird diese Information benutzen, um Ihre Nutzung unserer Webseite auszuwerten, um Reports \u00fcber die Webseitenaktivit\u00e4t f\u00fcr die Webseitenbetreiber zusammen zu stellen und um weitere mit der Webseitennutzung und der Internetnutzung verbundenen Dienstleistungen zu erbringen. Sofern dies gesetzlich vorgeschrieben ist oder soweit Dritte diese Daten im Auftrag von Google verarbeiten, wird Google diese Information auch an diese Dritten weitergeben. Diese Nutzung erfolgt anonymisiert oder pseudonymisiert. N\u00e4here Informationen dar\u00fcber finden Sie direkt bei Google http:\/\/www.google.com\/intl\/de\/privacypolicy.html#information<\/p>\n<p>Dabei werden keinerlei unmittelbare pers\u00f6nliche Daten des Nutzers gespeichert, sondern nur die Internetprotokoll\u2013Adresse. Diese Informationen dienen dazu, Sie bei Ihrem n\u00e4chsten Besuch auf unseren Websites automatisch wiederzuerkennen und Ihnen die Navigation zu erleichtern. Cookies erlauben es uns beispielsweise, eine Website Ihren Interessen anzupassen oder Ihr Kennwort zu speichern, damit Sie es nicht jedes Mal neu eingeben m\u00fcssen.<\/p>\n<p>Selbstverst\u00e4ndlich k\u00f6nnen Sie unsere Websites auch ohne Cookies betrachten. Wenn Sie nicht m\u00f6chten, dass wir Ihren Computer wiedererkennen, k\u00f6nnen Sie das Speichern von Cookies auf Ihrer Festplatte verhindern, indem Sie in Ihren Browser-Einstellungen \u201ckeine Cookies akzeptieren\u201d w\u00e4hlen. Wie das im einzelnen funktioniert, entnehmen Sie bitte der Anleitung Ihres Browser-Herstellers. Wenn Sie keine Cookies akzeptieren, kann dieses aber zu Funktionseinschr\u00e4nkungen unserer Angebote f\u00fchren.<\/p>\n<p>Sie k\u00f6nnen die Installation der Cookies durch eine entsprechende Einstellung Ihres Internetsbenutzungsprogramms (Browser) verhindern. Dazu m\u00fcssen Sie in Ihrem Internet-Browser die Speicherung von Cookies ausschalten. N\u00e4here Informationen hierzu \u00fcbernehmen Sie bitte den Benutzungshinweisen Ihres Internet-Browsers.<\/p>\n<p>Erhebung und Speicherung von Nutzungsdaten<\/p>\n<p>Zur Optimierung unserer Webseite sammeln und speichern wir Daten wie z. B. Datum und Uhrzeit des Seitenaufrufs, die Seite, von der Sie unsere Seite aufgerufen haben und \u00e4hnliches, sofern Sie dieser Datenerhebung und -speicherung nicht widersprechen. Dies erfolgt anonymisiert, ohne den Benutzer der Seite pers\u00f6nlich zu identifizieren. Ggf. werden Nutzerprofile mittels eines Pseudonyms erstellt. Auch hierbei erfolgt keine Verbindung zwischen der hinter dem Pseudonym stehenden nat\u00fcrlichen Personen mit den erhobenen Nutzungsdaten zur Erhebung und Speicherung der Nutzungsdaten setzen wir auch Cookies ein. Dabei handelt es sich um kleine Textdateien, die auf Ihrem Computer gespeichert werden und zur Speicherung von statistischen Information wie Betriebssystem, Ihrem Internetbenutzungsprogramm (Browser), IP-Adresse, der zuvor aufgerufene Webseite (Referrer-URL) und der Uhrzeit dienen. Diese Daten erheben wir ausschlie\u00dflich, zu statistischen Zwecken, um unseren Internetauftritt weiter zu optimieren und unsere Internetangebote noch attraktiver gestalten zu k\u00f6nnen. Die Erhebung und Speicherung erfolgt ausschlie\u00dflich in anonymisierter oder pseudonymisierter Form und l\u00e4sst keinen R\u00fcckschluss auf Sie als nat\u00fcrlich Person zu.<\/p>\n<p>Zweckgebundene Datenverwendung<\/p>\n<p>Wir beachten den Grundsatz der zweckgebundenen Daten-Verwendung und erheben, verarbeiten und speichern Ihre personenbezogenen Daten nur f\u00fcr die Zwecke, f\u00fcr die Sie sie uns mitgeteilt haben. Eine Weitergabe Ihrer pers\u00f6nlichen Daten an Dritte erfolgt ohne Ihre ausdr\u00fcckliche Einwilligung nicht, sofern dies nicht zur Erbringung der Dienstleistung oder zur Vertragsdurchf\u00fchrung notwendig ist. Auch die \u00dcbermittlung an auskunftsberechtigte staatliche Institution und Beh\u00f6rden erfolgt nur im Rahmen der gesetzlichen Auskunftspflichten oder wenn wir durch eine gerichtliche Entscheidung zur Auskunft verpflichtet werden.<\/p>\n<p>Auch den unternehmensinternen Datenschutz nehmen wir sehr ernst. Unsere Mitarbeiter und die von uns beauftragten Dienstleistungsunternehmen sind von uns zur Verschwiegenheit und zur Einhaltung der datenschutzrechtlichen Bestimmungen verpflichtet worden.<\/p>\n<p>Auskunft- und Widerrufsrecht<\/p>\n<p>Sie erhalten jederzeit ohne Angabe von Gr\u00fcnden kostenfrei Auskunft \u00fcber Ihre bei uns gespeicherten Daten. Sie k\u00f6nnen jederzeit Ihre bei uns erhobenen Daten sperren, berichtigen oder l\u00f6schen lassen und der anonymisierten oder pseudonymisierten Datenerhebung und -speicherung zu Optimierungszwecken unserer Website widersprechen. Auch k\u00f6nnen Sie jederzeit die uns erteilte Einwilligung zur Datenerhebung und Verwendung ohne Angaben von Gr\u00fcnden widerrufen. Wenden Sie sich hierzu bitte an die im Impressum angegebene Kontaktadresse. Wir stehen Ihnen jederzeit gern f\u00fcr weitergehende Fragen zu unserem Hinweisen zum Datenschutz und zur Verarbeitung Ihrer pers\u00f6nlichen Daten zur Verf\u00fcgung.<\/p>\n<p><a title=\"Double-YouMedia.de W\u00fcrl\" href=\"http:\/\/double-youmedia.de\">Double-YouMedia.de Logo, Flyer, Visitenkarten, Briefpapier, Rund-Um-Design-Erstellung, Fahrzeugeschriftung,Unternehmensberatung, u.v.m.<\/a><\/p>\n<p>Bildquellen:<br \/>\nBild-Badeinrichtungen Ludwigsburg: \u00a9 virtua73 \u2013 Fotolia.com<br \/>\nBild-Exklusive B\u00e4der, hochwertige B\u00e4der Ludwigsburg : \u00a9 slavun \u2013 Fotolia.com<br \/>\nBild-Badsanierung Ludwigsburg: \u00a9 deepvalley<br \/>\nBild-Barrierefreie B\u00e4der Ludwigsburg: \u00a9 Robert Kneschke<br \/>\nBild-Badrenovierung Ludwigsburg: \u00a9 SibylleMohn<br \/>\nBild-Badgestaltung Ludwigsburg: \u00a9 photowahn<br \/>\nBilder Startseite Bodenbeschichtung Wandbeschichtung Gobetto<\/p>\n","protected":false},"excerpt":{"rendered":"INCANTO ARTDESIGN Inhaber Antonio Carbonaro Teckstr. 5 71679 Asperg Mobil: 015750487220 E-Mail: info@incanto-artdesign.de Steuer Nr. 71444\/08855 Umsatzsteueridentifikationsnummer: DE84326048 Verantwortlich f\u00fcr den Inhalt: Antonio Carbonaro Haftungshinweis: Trotz sorgf\u00e4ltiger inhaltlicher Kontrolle \u00fcbernehmen wir keine Haftung f\u00fcr die Inhalte externer Links. F\u00fcr den Inhalt der verlinkten Seiten sind ausschlie\u00dflich deren Betreiber verantwortlich. &nbsp; VOB Download &nbsp; &nbsp; Double-YouMedia.de [&hellip;]","protected":false},"author":1,"featured_media":0,"parent":0,"menu_order":0,"comment_status":"closed","ping_status":"closed","template":"","meta":{"ngg_post_thumbnail":0},"_links":{"self":[{"href":"https:\/\/incanto-artdesign.de\/index.php?rest_route=\/wp\/v2\/pages\/16"}],"collection":[{"href":"https:\/\/incanto-artdesign.de\/index.php?rest_route=\/wp\/v2\/pages"}],"about":[{"href":"https:\/\/incanto-artdesign.de\/index.php?rest_route=\/wp\/v2\/types\/page"}],"author":[{"embeddable":true,"href":"https:\/\/incanto-artdesign.de\/index.php?rest_route=\/wp\/v2\/users\/1"}],"replies":[{"embeddable":true,"href":"https:\/\/incanto-artdesign.de\/index.php?rest_route=%2Fwp%2Fv2%2Fcomments&post=16"}],"version-history":[{"count":16,"href":"https:\/\/incanto-artdesign.de\/index.php?rest_route=\/wp\/v2\/pages\/16\/revisions"}],"predecessor-version":[{"id":740,"href":"https:\/\/incanto-artdesign.de\/index.php?rest_route=\/wp\/v2\/pages\/16\/revisions\/740"}],"wp:attachment":[{"href":"https:\/\/incanto-artdesign.de\/index.php?rest_route=%2Fwp%2Fv2%2Fmedia&parent=16"}],"curies":[{"name":"wp","href":"https:\/\/api.w.org\/{rel}","templated":true}]}}